{"id":482,"date":"2018-04-27T15:19:23","date_gmt":"2018-04-27T13:19:23","guid":{"rendered":"http:\/\/mauroefrancesca.it\/w\/?post_type=product&#038;p=482"},"modified":"2018-05-28T19:42:31","modified_gmt":"2018-05-28T17:42:31","slug":"kai-dm-0781eu67-set-composto-da-custodia-per-coltelli-e-5-coltelli-6710p-100-mm-6715u-150-mm-6716s-165-mm-6720c-200-mm-6723l-230-mm","status":"publish","type":"product","link":"http:\/\/mauroefrancesca.it\/w\/prodotto\/kai-dm-0781eu67-set-composto-da-custodia-per-coltelli-e-5-coltelli-6710p-100-mm-6715u-150-mm-6716s-165-mm-6720c-200-mm-6723l-230-mm\/","title":{"rendered":"Kai DM-0781EU67 &#8211; Set composto da custodia per coltelli e 5 coltelli"},"content":{"rendered":"<p>6710P (100 mm), 6715U (150 mm), 6716S (165 mm), 6720C (200 mm), 6723L (230 mm)<\/p>\n","protected":false},"excerpt":{"rendered":"<p>Dimensioni coltelli: 6710P &#8211; 100 mm, 6715U &#8211; 150 mm, 6716S &#8211; 165 mm, 6720C &#8211; 200 mm, 6723L &#8211; 230 mm<br \/>\nIl coltello tascabile \u00e8 dotato di custodia. Nella custodia i coltelli da cucina sono fissati in modo sicuro da scivolare attraverso un sistema a velcro, senza pericoli<br \/>\nLa serie \u00e8 composta da: un coltello da cucina, un taglierino, e una serie Santoku Wasabi. La lama \u00e8 in acciaio lucidata di alta qualit\u00e0, durezza 58 \u00b1 1 HRC con lama sui due lati.<br \/>\nIl materiale del manico nero \u00e8 costituito da una combinazione di bamb\u00f9 e polipropilene antisettico. L&#8217;impugnatura abbraccia completamente la lama, in modo che lo sporco non vada in contatto con il manico, coltelli adatti per le mense.<\/p>\n","protected":false},"featured_media":483,"template":"","meta":[],"yoast_head":"<!-- This site is optimized with the Yoast SEO plugin v22.7 - https:\/\/yoast.com\/wordpress\/plugins\/seo\/ -->\n<title>Kai DM-0781EU67 - Set composto da custodia per coltelli e 5 coltelli -<\/title>\n<meta name=\"robots\" content=\"index, follow, max-snippet:-1, max-image-preview:large, max-video-preview:-1\" \/>\n<link rel=\"canonical\" href=\"http:\/\/mauroefrancesca.it\/w\/prodotto\/kai-dm-0781eu67-set-composto-da-custodia-per-coltelli-e-5-coltelli-6710p-100-mm-6715u-150-mm-6716s-165-mm-6720c-200-mm-6723l-230-mm\/\" \/>\n<meta property=\"og:locale\" content=\"it_IT\" \/>\n<meta property=\"og:type\" content=\"article\" \/>\n<meta property=\"og:title\" content=\"Kai DM-0781EU67 - Set composto da custodia per coltelli e 5 coltelli -\" \/>\n<meta property=\"og:description\" content=\"Dimensioni coltelli: 6710P - 100 mm, 6715U - 150 mm, 6716S - 165 mm, 6720C - 200 mm, 6723L - 230 mm Il coltello tascabile \u00e8 dotato di custodia. Nella custodia i coltelli da cucina sono fissati in modo sicuro da scivolare attraverso un sistema a velcro, senza pericoli La serie \u00e8 composta da: un coltello da cucina, un taglierino, e una serie Santoku Wasabi. La lama \u00e8 in acciaio lucidata di alta qualit\u00e0, durezza 58 \u00b1 1 HRC con lama sui due lati. Il materiale del manico nero \u00e8 costituito da una combinazione di bamb\u00f9 e polipropilene antisettico. L&#039;impugnatura abbraccia completamente la lama, in modo che lo sporco non vada in contatto con il manico, coltelli adatti per le mense.\" \/>\n<meta property=\"og:url\" content=\"http:\/\/mauroefrancesca.it\/w\/prodotto\/kai-dm-0781eu67-set-composto-da-custodia-per-coltelli-e-5-coltelli-6710p-100-mm-6715u-150-mm-6716s-165-mm-6720c-200-mm-6723l-230-mm\/\" \/>\n<meta property=\"article:modified_time\" content=\"2018-05-28T17:42:31+00:00\" \/>\n<meta property=\"og:image\" content=\"http:\/\/mauroefrancesca.it\/w\/wp-content\/uploads\/2018\/04\/61nmcB9X12L._SL1200_.jpg\" \/>\n\t<meta property=\"og:image:width\" content=\"1200\" \/>\n\t<meta property=\"og:image:height\" content=\"1200\" \/>\n\t<meta property=\"og:image:type\" content=\"image\/jpeg\" \/>\n<meta name=\"twitter:card\" content=\"summary_large_image\" \/>\n<script type=\"application\/ld+json\" class=\"yoast-schema-graph\">{\"@context\":\"https:\/\/schema.org\",\"@graph\":[{\"@type\":\"WebPage\",\"@id\":\"http:\/\/mauroefrancesca.it\/w\/prodotto\/kai-dm-0781eu67-set-composto-da-custodia-per-coltelli-e-5-coltelli-6710p-100-mm-6715u-150-mm-6716s-165-mm-6720c-200-mm-6723l-230-mm\/\",\"url\":\"http:\/\/mauroefrancesca.it\/w\/prodotto\/kai-dm-0781eu67-set-composto-da-custodia-per-coltelli-e-5-coltelli-6710p-100-mm-6715u-150-mm-6716s-165-mm-6720c-200-mm-6723l-230-mm\/\",\"name\":\"Kai DM-0781EU67 - Set composto da custodia per coltelli e 5 coltelli -\",\"isPartOf\":{\"@id\":\"http:\/\/mauroefrancesca.it\/w\/#website\"},\"primaryImageOfPage\":{\"@id\":\"http:\/\/mauroefrancesca.it\/w\/prodotto\/kai-dm-0781eu67-set-composto-da-custodia-per-coltelli-e-5-coltelli-6710p-100-mm-6715u-150-mm-6716s-165-mm-6720c-200-mm-6723l-230-mm\/#primaryimage\"},\"image\":{\"@id\":\"http:\/\/mauroefrancesca.it\/w\/prodotto\/kai-dm-0781eu67-set-composto-da-custodia-per-coltelli-e-5-coltelli-6710p-100-mm-6715u-150-mm-6716s-165-mm-6720c-200-mm-6723l-230-mm\/#primaryimage\"},\"thumbnailUrl\":\"http:\/\/mauroefrancesca.it\/w\/wp-content\/uploads\/2018\/04\/61nmcB9X12L._SL1200_.jpg\",\"datePublished\":\"2018-04-27T13:19:23+00:00\",\"dateModified\":\"2018-05-28T17:42:31+00:00\",\"breadcrumb\":{\"@id\":\"http:\/\/mauroefrancesca.it\/w\/prodotto\/kai-dm-0781eu67-set-composto-da-custodia-per-coltelli-e-5-coltelli-6710p-100-mm-6715u-150-mm-6716s-165-mm-6720c-200-mm-6723l-230-mm\/#breadcrumb\"},\"inLanguage\":\"it-IT\",\"potentialAction\":[{\"@type\":\"ReadAction\",\"target\":[\"http:\/\/mauroefrancesca.it\/w\/prodotto\/kai-dm-0781eu67-set-composto-da-custodia-per-coltelli-e-5-coltelli-6710p-100-mm-6715u-150-mm-6716s-165-mm-6720c-200-mm-6723l-230-mm\/\"]}]},{\"@type\":\"ImageObject\",\"inLanguage\":\"it-IT\",\"@id\":\"http:\/\/mauroefrancesca.it\/w\/prodotto\/kai-dm-0781eu67-set-composto-da-custodia-per-coltelli-e-5-coltelli-6710p-100-mm-6715u-150-mm-6716s-165-mm-6720c-200-mm-6723l-230-mm\/#primaryimage\",\"url\":\"http:\/\/mauroefrancesca.it\/w\/wp-content\/uploads\/2018\/04\/61nmcB9X12L._SL1200_.jpg\",\"contentUrl\":\"http:\/\/mauroefrancesca.it\/w\/wp-content\/uploads\/2018\/04\/61nmcB9X12L._SL1200_.jpg\",\"width\":1200,\"height\":1200},{\"@type\":\"BreadcrumbList\",\"@id\":\"http:\/\/mauroefrancesca.it\/w\/prodotto\/kai-dm-0781eu67-set-composto-da-custodia-per-coltelli-e-5-coltelli-6710p-100-mm-6715u-150-mm-6716s-165-mm-6720c-200-mm-6723l-230-mm\/#breadcrumb\",\"itemListElement\":[{\"@type\":\"ListItem\",\"position\":1,\"name\":\"Home\",\"item\":\"http:\/\/mauroefrancesca.it\/w\/\"},{\"@type\":\"ListItem\",\"position\":2,\"name\":\"Kai DM-0781EU67 &#8211; Set composto da custodia per coltelli e 5 coltelli\"}]},{\"@type\":\"WebSite\",\"@id\":\"http:\/\/mauroefrancesca.it\/w\/#website\",\"url\":\"http:\/\/mauroefrancesca.it\/w\/\",\"name\":\"Mauro e Francesca\",\"description\":\"Mauro &amp; Francesca - Wedding Day\",\"potentialAction\":[{\"@type\":\"SearchAction\",\"target\":{\"@type\":\"EntryPoint\",\"urlTemplate\":\"http:\/\/mauroefrancesca.it\/w\/?s={search_term_string}\"},\"query-input\":\"required name=search_term_string\"}],\"inLanguage\":\"it-IT\"}]}<\/script>\n<!-- \/ Yoast SEO plugin. -->","yoast_head_json":{"title":"Kai DM-0781EU67 - Set composto da custodia per coltelli e 5 coltelli -","robots":{"index":"index","follow":"follow","max-snippet":"max-snippet:-1","max-image-preview":"max-image-preview:large","max-video-preview":"max-video-preview:-1"},"canonical":"http:\/\/mauroefrancesca.it\/w\/prodotto\/kai-dm-0781eu67-set-composto-da-custodia-per-coltelli-e-5-coltelli-6710p-100-mm-6715u-150-mm-6716s-165-mm-6720c-200-mm-6723l-230-mm\/","og_locale":"it_IT","og_type":"article","og_title":"Kai DM-0781EU67 - Set composto da custodia per coltelli e 5 coltelli -","og_description":"Dimensioni coltelli: 6710P - 100 mm, 6715U - 150 mm, 6716S - 165 mm, 6720C - 200 mm, 6723L - 230 mm Il coltello tascabile \u00e8 dotato di custodia. Nella custodia i coltelli da cucina sono fissati in modo sicuro da scivolare attraverso un sistema a velcro, senza pericoli La serie \u00e8 composta da: un coltello da cucina, un taglierino, e una serie Santoku Wasabi. La lama \u00e8 in acciaio lucidata di alta qualit\u00e0, durezza 58 \u00b1 1 HRC con lama sui due lati. Il materiale del manico nero \u00e8 costituito da una combinazione di bamb\u00f9 e polipropilene antisettico. L'impugnatura abbraccia completamente la lama, in modo che lo sporco non vada in contatto con il manico, coltelli adatti per le mense.","og_url":"http:\/\/mauroefrancesca.it\/w\/prodotto\/kai-dm-0781eu67-set-composto-da-custodia-per-coltelli-e-5-coltelli-6710p-100-mm-6715u-150-mm-6716s-165-mm-6720c-200-mm-6723l-230-mm\/","article_modified_time":"2018-05-28T17:42:31+00:00","og_image":[{"width":1200,"height":1200,"url":"http:\/\/mauroefrancesca.it\/w\/wp-content\/uploads\/2018\/04\/61nmcB9X12L._SL1200_.jpg","type":"image\/jpeg"}],"twitter_card":"summary_large_image","schema":{"@context":"https:\/\/schema.org","@graph":[{"@type":"WebPage","@id":"http:\/\/mauroefrancesca.it\/w\/prodotto\/kai-dm-0781eu67-set-composto-da-custodia-per-coltelli-e-5-coltelli-6710p-100-mm-6715u-150-mm-6716s-165-mm-6720c-200-mm-6723l-230-mm\/","url":"http:\/\/mauroefrancesca.it\/w\/prodotto\/kai-dm-0781eu67-set-composto-da-custodia-per-coltelli-e-5-coltelli-6710p-100-mm-6715u-150-mm-6716s-165-mm-6720c-200-mm-6723l-230-mm\/","name":"Kai DM-0781EU67 - Set composto da custodia per coltelli e 5 coltelli -","isPartOf":{"@id":"http:\/\/mauroefrancesca.it\/w\/#website"},"primaryImageOfPage":{"@id":"http:\/\/mauroefrancesca.it\/w\/prodotto\/kai-dm-0781eu67-set-composto-da-custodia-per-coltelli-e-5-coltelli-6710p-100-mm-6715u-150-mm-6716s-165-mm-6720c-200-mm-6723l-230-mm\/#primaryimage"},"image":{"@id":"http:\/\/mauroefrancesca.it\/w\/prodotto\/kai-dm-0781eu67-set-composto-da-custodia-per-coltelli-e-5-coltelli-6710p-100-mm-6715u-150-mm-6716s-165-mm-6720c-200-mm-6723l-230-mm\/#primaryimage"},"thumbnailUrl":"http:\/\/mauroefrancesca.it\/w\/wp-content\/uploads\/2018\/04\/61nmcB9X12L._SL1200_.jpg","datePublished":"2018-04-27T13:19:23+00:00","dateModified":"2018-05-28T17:42:31+00:00","breadcrumb":{"@id":"http:\/\/mauroefrancesca.it\/w\/prodotto\/kai-dm-0781eu67-set-composto-da-custodia-per-coltelli-e-5-coltelli-6710p-100-mm-6715u-150-mm-6716s-165-mm-6720c-200-mm-6723l-230-mm\/#breadcrumb"},"inLanguage":"it-IT","potentialAction":[{"@type":"ReadAction","target":["http:\/\/mauroefrancesca.it\/w\/prodotto\/kai-dm-0781eu67-set-composto-da-custodia-per-coltelli-e-5-coltelli-6710p-100-mm-6715u-150-mm-6716s-165-mm-6720c-200-mm-6723l-230-mm\/"]}]},{"@type":"ImageObject","inLanguage":"it-IT","@id":"http:\/\/mauroefrancesca.it\/w\/prodotto\/kai-dm-0781eu67-set-composto-da-custodia-per-coltelli-e-5-coltelli-6710p-100-mm-6715u-150-mm-6716s-165-mm-6720c-200-mm-6723l-230-mm\/#primaryimage","url":"http:\/\/mauroefrancesca.it\/w\/wp-content\/uploads\/2018\/04\/61nmcB9X12L._SL1200_.jpg","contentUrl":"http:\/\/mauroefrancesca.it\/w\/wp-content\/uploads\/2018\/04\/61nmcB9X12L._SL1200_.jpg","width":1200,"height":1200},{"@type":"BreadcrumbList","@id":"http:\/\/mauroefrancesca.it\/w\/prodotto\/kai-dm-0781eu67-set-composto-da-custodia-per-coltelli-e-5-coltelli-6710p-100-mm-6715u-150-mm-6716s-165-mm-6720c-200-mm-6723l-230-mm\/#breadcrumb","itemListElement":[{"@type":"ListItem","position":1,"name":"Home","item":"http:\/\/mauroefrancesca.it\/w\/"},{"@type":"ListItem","position":2,"name":"Kai DM-0781EU67 &#8211; Set composto da custodia per coltelli e 5 coltelli"}]},{"@type":"WebSite","@id":"http:\/\/mauroefrancesca.it\/w\/#website","url":"http:\/\/mauroefrancesca.it\/w\/","name":"Mauro e Francesca","description":"Mauro &amp; Francesca - Wedding Day","potentialAction":[{"@type":"SearchAction","target":{"@type":"EntryPoint","urlTemplate":"http:\/\/mauroefrancesca.it\/w\/?s={search_term_string}"},"query-input":"required name=search_term_string"}],"inLanguage":"it-IT"}]}},"_links":{"self":[{"href":"http:\/\/mauroefrancesca.it\/w\/wp-json\/wp\/v2\/product\/482"}],"collection":[{"href":"http:\/\/mauroefrancesca.it\/w\/wp-json\/wp\/v2\/product"}],"about":[{"href":"http:\/\/mauroefrancesca.it\/w\/wp-json\/wp\/v2\/types\/product"}],"wp:featuredmedia":[{"embeddable":true,"href":"http:\/\/mauroefrancesca.it\/w\/wp-json\/wp\/v2\/media\/483"}],"wp:attachment":[{"href":"http:\/\/mauroefrancesca.it\/w\/wp-json\/wp\/v2\/media?parent=482"}],"curies":[{"name":"wp","href":"https:\/\/api.w.org\/{rel}","templated":true}]}}